e -5*w + 9173 = -y, 5*y + 5021 + 4164 = 5*w. Let o(j) = -868*j**3 - j**2 - j - 1. Let q be o(-1). Let n = w - q. Is n composite?
False
Let o be 3/3*-5 + 6 + 228. Let u = o - -524. Is u prime?
False
Is ((-24 - -8) + 15)*-63197 composite?
False
Let o(y) = -y**3 + 110*y**2 - 114*y + 367. Is o(106) a prime number?
False
Suppose 25 = -2*j - 3*j, 2*z + 4*j = -88. Let l = -364 - -203. Let a = z - l. Is a composite?
False
Let c be (9 - 7) + 4 + (-2)/1. Let r be (-828 - 1)*18/(-3). Suppose 1786 = -c*j + r. Is j a composite number?
False
Is (16 + -19)*1183592/(-24) a composite number?
False
Let z(c) = 183*c**2 + 8*c - 9. Let g be z(5). Suppose -4*f = -g - 7326. Is f prime?
False
Suppose -15*m - 34436 = -13*m. Let k = m + 32231. Is k a prime number?
True
Suppose 0 = -13*y + 10*y + 2*k + 63615, 275770 = 13*y + 3*k. Is y prime?
True
Is (-1474887)/(-124)*2320/60 a composite number?
True
Suppose 2*z = -0 - 8. Let y be ((-12)/14)/(z/(-28)). Is (28/(-10))/(y/255) a composite number?
True
Let u = 313 - 233. Is (18/(-15))/(-3) + 371568/u a composite number?
True
Is 35285187/6*(0 - 40/(-140)) a prime number?
True
Let b(j) = j**3 + j**2 - 3*j + 11. Let f(u) = -12*u - 4. Let l be f(-1). Is b(l) prime?
True
Suppose -2*y - f + 3113 = 0, 5*y = f + 3*f + 7815. Let a = 3312 - y. Is a a prime number?
True
Suppose 187*m = -526992 + 1869336 + 20141525. Is m a composite number?
True
Let p = -31 - -17. Let l = 8 + p. Is (-665)/15*(l - -3) a composite number?
True
Let w = 189 - 224. Is (-149317)/w + (-20)/(-25) composite?
True
Suppose -27*h + 39*h - 192815 = 5486269. Is h a prime number?
True
Suppose -6*t - 20748 = -34*t. Is ((-12)/(-26))/(-3) - (-1728867)/t a composite number?
False
Suppose -1364*f = -1408*f + 1139116. Is f composite?
False
Is -26*((-93577)/94 - 2/(-1)) prime?
False
Let p be -1*-1*6 + 1/(-1). Suppose 9 = p*y - 1. Suppose 2*v - 848 = -2*v - 4*s, 3*v - 635 = -y*s. Is v a composite number?
False
Suppose -1 + 5 = j. Suppose -43*o + 181403 + 15752 = 0. Suppose j*u + u = o. Is u a prime number?
False
Suppose -3*x - 3*u = -1190247, -5*x + 9001*u - 9005*u + 1983741 = 0. Is x a composite number?
True
Suppose -28*z + 98329 = -8631. Suppose -z = -215*s + 211*s. Is s prime?
False
Suppose 38*v = 35*v + 870. Let g be (3/3)/(2/v). Suppose -3*l = -5*q - 384, 0 = 3*l - 4*l - 4*q + g. Is l a composite number?
True
Suppose 40 = n - 4*p, -28 = -n - n - 5*p. Is (26 - n)/(4/4254) a prime number?
False
Let m be -6 - (-235)/40 - 25/(-8). Suppose h + h - 3274 = 3*c, -m*h = -5*c - 4911. Is h prime?
True
Let x be (((-4)/(-6))/(-1))/((-162)/729). Suppose -20 = -4*v - x*h, -4*h = -5*v - 0*h - 6. Suppose -4*z + v*z + 586 = s, 0 = -2*s + 5*z + 1172. Is s prime?
False
Let d = -36 + 41. Suppose 7 = 2*x + d. Let v(t) = 164*t - 1. Is v(x) a prime number?
True
Let p = -71345 - -104340. Is p a composite number?
True
Let g(h) = 33*h**2 - 3*h + 2. Let w be g(1). Let n = -71 + 71. Suppose w*a - 34*a + 502 = n. Is a a composite number?
False
Let l(p) = 530*p + 19. Let m(h) = h**3 - 17*h**2 + 13. Let s be m(17). Suppose -55 = -7*a - s. Is l(a) prime?
False
Let j be 3 + 120/14 + (-21)/(-49). Let w(d) = 21*d - 195. Let v(p) = 3*p - 28. Let q(m) = 15*v(m) - 2*w(m). Is q(j) a prime number?
False
Suppose -2*m + 120 = m - 3*a, 3*a = 2*m - 80. Let k = 40 - m. Suppose k = -30*u + 22*u + 1256. Is u composite?
False
Let h = -4 - -7. Suppose 2*n + n + h*x = -465, 3*n + 455 = -x. Is (-53)/(-5) - 60/n composite?
False
Let b = -1073 - -1859. Suppose -b = -2*l + 388. Is l prime?
True
Let o = -19 - -15. Let i(g) = -16*g**3 + 6. Let s be i(o). Let w = s - 608. Is w a prime number?
False
Suppose 9*r + 83024 = 616391. Is r composite?
False
Let y(k) = k - 20. Let l(w) = w - 20. Let d(b) = 5*l(b) - 6*y(b). Let h be d(15). Suppose -g + 3*g - 983 = -5*j, -j = h*g - 2400. Is g prime?
True
Suppose -l = 4*q - 5263 + 1887, -3376 = -4*q - 5*l. Let x = -53 - 158. Let b = x + q. Is b prime?
False
Let m(z) = 5*z**2 + 29*z - 3. Let l be m(-6). Suppose k - 5140 = -l*k. Is k composite?
True
Let n = -469 - -466. Is (n*2/12)/((-2)/7624) a prime number?
False
Is 590743430/426*(-12)/(-20) a composite number?
True
Suppose -4*v = b - 1765685, 3*b - 1324266 = -20*v + 17*v. Is v a prime number?
True
Suppose 14*t + 386363 = 2*c + 17*t, -2*c + 386388 = -2*t. Is c a composite number?
False
Let k(h) = 10*h**2 - 66*h + 3798. Is k(41) prime?
False
Is (-12*(-6)/(-84))/((-1)/7) + 168491 prime?
False
Let y = -413 + 414. Is ((-5)/10*-1)/(y/170) a composite number?
True
Let y be 159 + -15 - -2*3. Suppose 2*l + 2*s - 3098 = -2*s, 5*l - 7745 = -s. Let d = l - y. Is d composite?
False
Is (-25)/(525/(-252)) + 39409 a composite number?
True
Suppose -4*a + 101538 = -8*d + 7*d, -3*d = -4*a + 101542. Suppose -a = 19*o - 27*o. Is o composite?
True
Let g(v) = -10*v + 43. Let r be g(5). Let j(f) = -1833*f - 46. Is j(r) a composite number?
True
Suppose -3*v + 2695 = -2*a + 6*a, 6*a = v - 891. Let k = 3242 + v. Is k a composite number?
False
Suppose -5*v - 4*x + 5*x + 133795 = 0, 5*v - 133795 = -5*x. Is v prime?
True
Let t = 138335 - -73068. Is t a composite number?
False
Suppose 5*r = -5*g + 135, r = 2*g + 22 - 1. Suppose -5*j - r = 0, 6482 - 2014 = 3*u - 5*j. Is u a composite number?
False
Let f(z) = z - 9045. Let d(p) = 4*p + 1. Let x(s) = -4*d(s) - f(s). Is x(0) a composite number?
False
Is -9 + 4045620/50 - (-2)/(-5) composite?
True
Suppose -5*v - 3*d = -8*v + 167910, -111937 = -2*v + 3*d. Is v composite?
True
Let g(m) = -432*m**2 - 9*m + 43. Let t(i) = 433*i**2 + 11*i - 43. Let c(x) = 6*g(x) + 7*t(x). Is c(2) a composite number?
False
Suppose 0 = -9*w + 2*w + 14. Let s(g) = 746*g**3 - 5*g**2 + 4*g - 5. Is s(w) prime?
False
Let t(g) = 44*g**2 + 19*g + 344. Is t(25) a prime number?
True
Let v = 321 - 322. Is (11944 - v)*((-46)/10 - -5) composite?
True
Let o be -41*1*-4 + -2. Let g be 126/14 - 10 - 664/(-2). Suppose -j + g = -o. Is j prime?
False
Is (24/30 + 72/10)*17291412/96 prime?
False
Let p(u) = 19*u**2 - 1 + 10*u**3 - 22*u**2 - 2 + 3*u - 2*u. Let q be p(5). Let s = 1964 - q. Is s composite?
False
Let a be (2/3)/(6/9)*-131. Let j = -14 - a. Suppose 5*t - 2*t = 0, -3*u = t - j. Is u a composite number?
True
Let i = -144210 + 496801. Is i a composite number?
True
Is (2 - (-16)/(-6))/((-408)/55904364) a composite number?
True
Let i = 40 + -44. Let m(d) = -120*d - 7. Let z be m(i). Suppose 3*y - 487 = 2*c, -y = -4*y - 5*c + z. Is y a prime number?
False
Let n(r) = -r**2 - 4*r - 1. Let c(s) = 74*s**2 - 56*s + 9. Let q(z) = c(z) + n(z). Is q(9) prime?
True
Let y(f) = 685*f**2 + 32*f - 289. Is y(8) a prime number?
False
Let h(u) be the third derivative of u**8/1680 - u**7/720 + 23*u**6/720 + 2*u**5/15 + 24*u**2. Let m(b) be the third derivative of h(b). Is m(4) prime?
False
Let j(o) = 1374*o**3 - 9*o**2 + 9*o - 1. Let l be -3 - (20/(-5) + -1). Is j(l) composite?
False
Let s(f) = -15*f**3 + 4*f**2 + 4*f + 3. Let u = 56 + -58. Let a be 396/(-110) + 1*u/5. Is s(a) a composite number?
True
Suppose -35*y - 1138961 = -6256276. Is y prime?
False
Let j = -320282 + 589449. Is j prime?
True
Let y be (-2)/5 - (-8659)/35. Suppose 0 = -8*u - 5*u + y. Let g(w) = 5*w**2 - 5*w - 59. Is g(u) a prime number?
False
Let l(b) = 42*b**3 - 12*b**2 + 35*b + 19. Let w be l(6). Let n = -4600 + w. Is n a prime number?
False
Suppose -4*d + 2084 = -2*h, 0 = 5*h - 2*d + 6*d + 5252. Let p = h - -2739. Is p prime?
False
Let q be -2*(-3)/2*(8 - 7). Let z be (-81)/3*(-23)/q. Let w = 410 - z. Is w a prime number?
False
Let l(s) be the third derivative of -s**4/8 - 11*s**3/6 + 12*s**2. Let y be l(-5). Suppose -6 = 2*t, y*t + 1571 = 2*p + 5*t. Is p a prime number?
True
Suppose 0 = -h - 3*h + 12. Let p be ((-13)/((-39)/(-4516)))/(2/(-6)). Suppose -a - p = -4*b + 2*a, -a = h*b - 3374. Is b prime?
False
Let b = 574863 + -117641. Is b prime?
False
Suppose 39*y = 19*y + 55800. Suppose -5*n + 9035 = y. Is n prime?
True
Is ((-3)/12 + -1)/((-234)/6766344) composite?
True
Let z = -134572 - -295773. Is z a composite number?
False
Suppose -22019 = -j + 15232. Is (j/(-27)*(-9 - -3))/2 composite?
False
Let y(s) = -2*s**2 - s + 24. Let k be y(4). Let n be (k - -14) + (-3)/((-3)/994). Let b = n + 61. Is b composite?
True
Let s(o) = 66*o - 1411. Is s(32) a composite number?
False
Let j = -39647 + -16241. Is (-